{"id":8,"date":"2017-02-09T00:17:18","date_gmt":"2017-02-08T23:17:18","guid":{"rendered":"http:\/\/www.avdavigevano.com\/TEST\/?page_id=8"},"modified":"2024-11-13T11:29:21","modified_gmt":"2024-11-13T10:29:21","slug":"chi-siamo","status":"publish","type":"page","link":"https:\/\/www.avdavigevano.com\/?page_id=8","title":{"rendered":"Chi siamo"},"content":{"rendered":"<p style=\"text-align: justify;\">L&#8217;A.V.D.A., Associazione Vigevanese Divulgazione Astronomica, nasce a Vigevano nel settembre 1996.<\/p>\n<p style=\"text-align: justify;\">Sempre attiva sul territorio con manifestazioni e conferenze dedicate, ha intensificato, con molto piacere, gli interventi di didattica astronomica e scientifica nelle scuole pubbliche e private di Vigevano e dei paesi limitrofi, proponendo un set di lezioni accompagnate da osservazioni del cielo stellato.<\/p>\n<p style=\"text-align: center;\"><strong>Avvicinati e scopri con Noi l&#8217;Astronomia!!<\/strong><br \/>\n<strong>Ci trovi tutti i mercoled\u00ec dalle 21:10 alle 23:00 presso la Biblioteca dei Ragazzi<\/strong><\/p>\n<p style=\"text-align: center;\"><span style=\"color: #800000;\">Per rimanere aggiornato sulle nostre attivit\u00e0 invia una mail a info@avdavigevano.com oppure, per ricevere anche le news dell&#8217;ultimo minuto, iscriviti al gruppo WhatsApp<br \/>\n<a href=\"https:\/\/chat.whatsapp.com\/8tcMy3gPbJU9JfSV0mxAhG\">Gruppo Conferma AVDA<\/a><\/span><\/p>\n<p>STORIA dell&#8217;Associazione:<\/p>\n<p style=\"text-align: justify;\">L&#8217;associazione A.V.D.A. nasce ad opera di un ristretto gruppo di appassionati, e da allora si prefigge lo scopo di diffondere e divulgare a livello sempre pi\u00f9 ampio non solo la conoscenza del cielo notturno, bens\u00ec soprattutto un interesse, una curiosit\u00e0 nei confronti di questa affascinante frontiera, una passione sempre pi\u00f9 profonda per il cosmo.<\/p>\n<p style=\"text-align: left;\"><img data-recalc-dims=\"1\" loading=\"lazy\" decoding=\"async\" class=\"aligncenter\" src=\"https:\/\/i0.wp.com\/www.avdavigevano.com\/TEST\/wp-content\/uploads\/2017\/02\/Logo-AVDA_Pin.jpg?resize=300%2C295\" alt=\"\" width=\"300\" height=\"295\" \/><\/p>\n<p style=\"text-align: justify;\">Dal primo anno di attivit\u00e0 l&#8217;A.V.D.A. \u00e8 riuscita a coinvolgere sempre pi\u00f9 spesso e sempre pi\u00f9 numerose persone nelle manifestazioni organizzate dai soci, in particolar modo in occasione di eclissi di Sole, come capitato nell&#8217;ultima, il 29 marzo 2006, quando, nel cortile del Castello di Vigevano, numerose scolaresche sono venute ad osservare l&#8217;evento. Tutti sono rimasti estasiati dall&#8217;osservazione del Sole in H-Alpha.<br \/>\nCon l&#8217;osservazione dell&#8217;Eclissi Totale di Luna del 3 e 4 marzo &#8217;07, dalla stupenda cornice della Piazza Ducale, A.V.D.A. ha raccolto pi\u00f9 di un migliaio di visite da parte di persone interessate all&#8217;osservazione dell&#8217;evento. Sono rimasti tutti a &#8220;bocca aperta&#8221; quando, con i loro occhi, hanno osservato il pianeta Saturno!<br \/>\nAltre manifestazioni sono state organizzate per il transito di Mercurio e Venere sulla superficie solare, osservazioni della Luna dal cortile della Biblioteca, da &#8220;Fateci Spazio&#8221; e anche dalla Piazza Ducale, e naturalmente per il passaggio della splendida cometa Hale-Bopp avvenuto nel 1997 dove, all&#8217;I.T.I.S. &#8220;G. Caramuel&#8221; di Vigevano, abbiamo organizzato due serate, una teorica e l&#8217;altra osservativa, con la presenza di oltre duemila persone!<\/p>\n<div id=\"attachment_305\" style=\"width: 365px\" class=\"wp-caption alignleft\"><img data-recalc-dims=\"1\" loading=\"lazy\" decoding=\"async\" aria-describedby=\"caption-attachment-305\" data-attachment-id=\"305\" data-permalink=\"https:\/\/www.avdavigevano.com\/?attachment_id=305\" data-orig-file=\"https:\/\/i0.wp.com\/www.avdavigevano.com\/TEST\/wp-content\/uploads\/2017\/02\/20-logo-DEF-quadro.png?fit=1597%2C1597&amp;ssl=1\" data-orig-size=\"1597,1597\" data-comments-opened=\"1\" data-image-meta=\"{&quot;aperture&quot;:&quot;0&quot;,&quot;credit&quot;:&quot;&quot;,&quot;camera&quot;:&quot;&quot;,&quot;caption&quot;:&quot;&quot;,&quot;created_timestamp&quot;:&quot;0&quot;,&quot;copyright&quot;:&quot;&quot;,&quot;focal_length&quot;:&quot;0&quot;,&quot;iso&quot;:&quot;0&quot;,&quot;shutter_speed&quot;:&quot;0&quot;,&quot;title&quot;:&quot;&quot;,&quot;orientation&quot;:&quot;0&quot;}\" data-image-title=\"Logo AVDA 20\u00b0\" data-image-description=\"\" data-image-caption=\"&lt;p&gt;Logo AVDA Ventesimo Anniversario di fondazione&lt;\/p&gt;\n\" data-large-file=\"https:\/\/i0.wp.com\/www.avdavigevano.com\/TEST\/wp-content\/uploads\/2017\/02\/20-logo-DEF-quadro.png?fit=1024%2C1024&amp;ssl=1\" class=\" wp-image-305\" src=\"https:\/\/i0.wp.com\/www.avdavigevano.com\/TEST\/wp-content\/uploads\/2017\/02\/20-logo-DEF-quadro.png?resize=355%2C355\" alt=\"\" width=\"355\" height=\"355\" srcset=\"https:\/\/i0.wp.com\/www.avdavigevano.com\/TEST\/wp-content\/uploads\/2017\/02\/20-logo-DEF-quadro.png?resize=300%2C300&amp;ssl=1 300w, https:\/\/i0.wp.com\/www.avdavigevano.com\/TEST\/wp-content\/uploads\/2017\/02\/20-logo-DEF-quadro.png?resize=150%2C150&amp;ssl=1 150w, https:\/\/i0.wp.com\/www.avdavigevano.com\/TEST\/wp-content\/uploads\/2017\/02\/20-logo-DEF-quadro.png?resize=768%2C768&amp;ssl=1 768w, https:\/\/i0.wp.com\/www.avdavigevano.com\/TEST\/wp-content\/uploads\/2017\/02\/20-logo-DEF-quadro.png?resize=1024%2C1024&amp;ssl=1 1024w, https:\/\/i0.wp.com\/www.avdavigevano.com\/TEST\/wp-content\/uploads\/2017\/02\/20-logo-DEF-quadro.png?resize=160%2C160&amp;ssl=1 160w, https:\/\/i0.wp.com\/www.avdavigevano.com\/TEST\/wp-content\/uploads\/2017\/02\/20-logo-DEF-quadro.png?resize=320%2C320&amp;ssl=1 320w, https:\/\/i0.wp.com\/www.avdavigevano.com\/TEST\/wp-content\/uploads\/2017\/02\/20-logo-DEF-quadro.png?w=1597&amp;ssl=1 1597w\" sizes=\"auto, (max-width: 355px) 100vw, 355px\" \/><p id=\"caption-attachment-305\" class=\"wp-caption-text\">Logo AVDA ventesimo anniversario di fondazione<\/p><\/div>\n<p style=\"text-align: justify;\">Negli ultimi anni di attivit\u00e0 divulgativa, A.V.D.A. ha avuto il piacere di organizzare diverse conferenze pubbliche, con ospiti speciali e molto influenti nel mondo scientifico nazionale ed internazionale.<br \/>\nAbbiamo avuto l&#8217;occasione di invitare in citt\u00e0, <strong>Giovanni (Nanni) Bignami<\/strong>, che \u00e8 stato tra gli altri anche Presidente dell&#8217;ASI Agenzia Spaziale Italiana, come anche Presidente dell&#8217;INAF Istituto Nazionale di Astrofisica, <strong>Paolo Nespoli <\/strong>astronauta dell&#8217;ASI e dell&#8217;ESA Agenzia Spaziale Europea, che ha partecipato a due missioni Shuttle ed a due missioni di lunga durata sulla Stazione Spaziale Internazionale ISS, ospite in una bellissima serata svoltasi presso la Cavallerizza del Castello di Vigevano nel dicembre del 2012 [<a href=\"https:\/\/photos.app.goo.gl\/9SQYUymRrUodZYGr2\">foto<\/a>].<br \/>\nCome non ricordare anche il contatto radio <strong>ARISS<\/strong>, Radioamatori ARI e ISS, effettuato grazie agli amici di ARISS Italia e l&#8217;Associazione ARI di\u00a0 Erba e di Vigevano. Nella mattinata del 15 febbraio 2014, gli alunni delle classi quinte dell&#8217;ITIS di Vigevano hanno avuto la possibilit\u00e0 di parlare via radio, con contatto in telebridge, con l&#8217;astronauta in orbita sulla ISS <strong>Koichi Wakata<\/strong>, dell&#8217;Agenzia Spaziale JAXA, impegnato nell&#8217;Expedition 38-39 [<a href=\"https:\/\/photos.app.goo.gl\/ECHzb7N9Epf6a2fh1\">foto<\/a>].<br \/>\nAbbiamo anche portato a Vigevano un &#8220;<strong>pezzo di Luna<\/strong>&#8220;. Si, un vero e proprio reperto lunare, raccolto e portato a Terra dall&#8217;astronauta <em>Harrison Smith<\/em> durante la missione <strong>Apollo 17<\/strong> nel 1972. La serata era condotta da Luigi Pizzimenti, presidente dell&#8217;associazione <a href=\"http:\/\/www.adaa.it\/\" target=\"_blank\" rel=\"noopener noreferrer\">ADAA<\/a> e da <a href=\"https:\/\/attivissimo.blogspot.com\/\" target=\"_blank\" rel=\"noopener noreferrer\">Paolo Attivissimo<\/a> [<a href=\"https:\/\/photos.app.goo.gl\/R67Wj775Vj0zSv2K3\">foto<\/a>]<br \/>\nAnche nel cortile del Castello di Vigevano abbiamo organizzato tante manifestazioni. Ad esempio per l&#8217;<strong>Eclissi parziale di Sole<\/strong>, oppure per l&#8217;osservazione di <strong>Saturno<\/strong>, della <strong>Luna<\/strong> al primo quarto o in Piazza Ducale per l&#8217;<strong>eclissi di Luna<\/strong>!<\/p>\n<p style=\"text-align: justify;\">Non ultimo poi, per l&#8217;<strong>eclissi totale di Luna<\/strong> del 27 luglio del 2018, abbiamo organizzato l&#8217;osservazione dal parcheggio del nuovo Palazzetto dello Sport di via Cappuccini. Un grande successo di pubblico che non ci aspettavamo!<br \/>\nGrazie ancora! [<a href=\"https:\/\/www.youtube.com\/watch?v=BWaKZOshgC4\" target=\"_blank\" rel=\"noopener noreferrer\">video eclissi<\/a>] [<a href=\"https:\/\/youtu.be\/JbYgBS37_4E\" target=\"_blank\" rel=\"noopener noreferrer\">video Timelapse<\/a>]<\/p>\n<p style=\"text-align: justify;\">Tante attivit\u00e0, che solo grazie ai Soci A.V.D.A. ed alla loro disponibilit\u00e0, hanno fatto crescere costantemente l&#8217;Associazione!<\/p>\n","protected":false},"excerpt":{"rendered":"<p>L&#8217;A.V.D.A., Associazione Vigevanese Divulgazione Astronomica, nasce a Vigevano nel settembre 1996. Sempre attiva sul territorio con manifestazioni e conferenze dedicate, ha intensificato, con molto piacere, gli interventi di didattica astronomica e scientifica nelle scuole pubbliche e private di Vigevano e dei paesi limitrofi, proponendo un set di lezioni accompagnate da&#46;&#46;&#46;<\/p>\n","protected":false},"author":1,"featured_media":0,"parent":0,"menu_order":2,"comment_status":"closed","ping_status":"closed","template":"","meta":{"_monsterinsights_skip_tracking":false,"_monsterinsights_sitenote_active":false,"_monsterinsights_sitenote_note":"","_monsterinsights_sitenote_category":0,"jetpack_post_was_ever_published":false,"footnotes":""},"class_list":["post-8","page","type-page","status-publish","hentry"],"jetpack_sharing_enabled":true,"jetpack_shortlink":"https:\/\/wp.me\/P9jymR-8","jetpack_likes_enabled":true,"_links":{"self":[{"href":"https:\/\/www.avdavigevano.com\/index.php?rest_route=\/wp\/v2\/pages\/8","targetHints":{"allow":["GET"]}}],"collection":[{"href":"https:\/\/www.avdavigevano.com\/index.php?rest_route=\/wp\/v2\/pages"}],"about":[{"href":"https:\/\/www.avdavigevano.com\/index.php?rest_route=\/wp\/v2\/types\/page"}],"author":[{"embeddable":true,"href":"https:\/\/www.avdavigevano.com\/index.php?rest_route=\/wp\/v2\/users\/1"}],"replies":[{"embeddable":true,"href":"https:\/\/www.avdavigevano.com\/index.php?rest_route=%2Fwp%2Fv2%2Fcomments&post=8"}],"version-history":[{"count":30,"href":"https:\/\/www.avdavigevano.com\/index.php?rest_route=\/wp\/v2\/pages\/8\/revisions"}],"predecessor-version":[{"id":2083,"href":"https:\/\/www.avdavigevano.com\/index.php?rest_route=\/wp\/v2\/pages\/8\/revisions\/2083"}],"wp:attachment":[{"href":"https:\/\/www.avdavigevano.com\/index.php?rest_route=%2Fwp%2Fv2%2Fmedia&parent=8"}],"curies":[{"name":"wp","href":"https:\/\/api.w.org\/{rel}","templated":true}]}}

<p style="text-align: justify;">L&#8217;A.V.D.A., Associazione Vigevanese Divulgazione Astronomica, nasce a Vigevano nel settembre 1996.</p>
<p style="text-align: justify;">Sempre attiva sul territorio con manifestazioni e conferenze dedicate, ha intensificato, con molto piacere, gli interventi di didattica astronomica e scientifica nelle scuole pubbliche e private di Vigevano e dei paesi limitrofi, proponendo un set di lezioni accompagnate da osservazioni del cielo stellato.</p>
<p style="text-align: center;"><strong>Avvicinati e scopri con Noi l&#8217;Astronomia!!</strong><br />
<strong>Ci trovi tutti i mercoledì dalle 21:10 alle 23:00 presso la Biblioteca dei Ragazzi</strong></p>
<p style="text-align: center;"><span style="color: #800000;">Per rimanere aggiornato sulle nostre attività invia una mail a info@avdavigevano.com oppure, per ricevere anche le news dell&#8217;ultimo minuto, iscriviti al gruppo WhatsApp<br />
<a href="https://chat.whatsapp.com/8tcMy3gPbJU9JfSV0mxAhG">Gruppo Conferma AVDA</a></span></p>
<p>STORIA dell&#8217;Associazione:</p>
<p style="text-align: justify;">L&#8217;associazione A.V.D.A. nasce ad opera di un ristretto gruppo di appassionati, e da allora si prefigge lo scopo di diffondere e divulgare a livello sempre più ampio non solo la conoscenza del cielo notturno, bensì soprattutto un interesse, una curiosità nei confronti di questa affascinante frontiera, una passione sempre più profonda per il cosmo.</p>
<p style="text-align: left;"><img data-recalc-dims="1" loading="lazy" decoding="async" class="aligncenter" src="https://i0.wp.com/www.avdavigevano.com/TEST/wp-content/uploads/2017/02/Logo-AVDA_Pin.jpg?resize=300%2C295" alt="" width="300" height="295" /></p>
<p style="text-align: justify;">Dal primo anno di attività l&#8217;A.V.D.A. è riuscita a coinvolgere sempre più spesso e sempre più numerose persone nelle manifestazioni organizzate dai soci, in particolar modo in occasione di eclissi di Sole, come capitato nell&#8217;ultima, il 29 marzo 2006, quando, nel cortile del Castello di Vigevano, numerose scolaresche sono venute ad osservare l&#8217;evento. Tutti sono rimasti estasiati dall&#8217;osservazione del Sole in H-Alpha.<br />
Con l&#8217;osservazione dell&#8217;Eclissi Totale di Luna del 3 e 4 marzo &#8217;07, dalla stupenda cornice della Piazza Ducale, A.V.D.A. ha raccolto più di un migliaio di visite da parte di persone interessate all&#8217;osservazione dell&#8217;evento. Sono rimasti tutti a &#8220;bocca aperta&#8221; quando, con i loro occhi, hanno osservato il pianeta Saturno!<br />
Altre manifestazioni sono state organizzate per il transito di Mercurio e Venere sulla superficie solare, osservazioni della Luna dal cortile della Biblioteca, da &#8220;Fateci Spazio&#8221; e anche dalla Piazza Ducale, e naturalmente per il passaggio della splendida cometa Hale-Bopp avvenuto nel 1997 dove, all&#8217;I.T.I.S. &#8220;G. Caramuel&#8221; di Vigevano, abbiamo organizzato due serate, una teorica e l&#8217;altra osservativa, con la presenza di oltre duemila persone!</p>
<div id="attachment_305" style="width: 365px" class="wp-caption alignleft"><img data-recalc-dims="1" loading="lazy" decoding="async" aria-describedby="caption-attachment-305" data-attachment-id="305" data-permalink="https://www.avdavigevano.com/?attachment_id=305" data-orig-file="https://i0.wp.com/www.avdavigevano.com/TEST/wp-content/uploads/2017/02/20-logo-DEF-quadro.png?fit=1597%2C1597&amp;ssl=1" data-orig-size="1597,1597" data-comments-opened="1" data-image-meta="{&quot;aperture&quot;:&quot;0&quot;,&quot;credit&quot;:&quot;&quot;,&quot;camera&quot;:&quot;&quot;,&quot;caption&quot;:&quot;&quot;,&quot;created_timestamp&quot;:&quot;0&quot;,&quot;copyright&quot;:&quot;&quot;,&quot;focal_length&quot;:&quot;0&quot;,&quot;iso&quot;:&quot;0&quot;,&quot;shutter_speed&quot;:&quot;0&quot;,&quot;title&quot;:&quot;&quot;,&quot;orientation&quot;:&quot;0&quot;}" data-image-title="Logo AVDA 20°" data-image-description="" data-image-caption="&lt;p&gt;Logo AVDA Ventesimo Anniversario di fondazione&lt;/p&gt;
" data-large-file="https://i0.wp.com/www.avdavigevano.com/TEST/wp-content/uploads/2017/02/20-logo-DEF-quadro.png?fit=1024%2C1024&amp;ssl=1" class=" wp-image-305" src="https://i0.wp.com/www.avdavigevano.com/TEST/wp-content/uploads/2017/02/20-logo-DEF-quadro.png?resize=355%2C355" alt="" width="355" height="355" srcset="https://i0.wp.com/www.avdavigevano.com/TEST/wp-content/uploads/2017/02/20-logo-DEF-quadro.png?resize=300%2C300&amp;ssl=1 300w, https://i0.wp.com/www.avdavigevano.com/TEST/wp-content/uploads/2017/02/20-logo-DEF-quadro.png?resize=150%2C150&amp;ssl=1 150w, https://i0.wp.com/www.avdavigevano.com/TEST/wp-content/uploads/2017/02/20-logo-DEF-quadro.png?resize=768%2C768&amp;ssl=1 768w, https://i0.wp.com/www.avdavigevano.com/TEST/wp-content/uploads/2017/02/20-logo-DEF-quadro.png?resize=1024%2C1024&amp;ssl=1 1024w, https://i0.wp.com/www.avdavigevano.com/TEST/wp-content/uploads/2017/02/20-logo-DEF-quadro.png?resize=160%2C160&amp;ssl=1 160w, https://i0.wp.com/www.avdavigevano.com/TEST/wp-content/uploads/2017/02/20-logo-DEF-quadro.png?resize=320%2C320&amp;ssl=1 320w, https://i0.wp.com/www.avdavigevano.com/TEST/wp-content/uploads/2017/02/20-logo-DEF-quadro.png?w=1597&amp;ssl=1 1597w" sizes="auto, (max-width: 355px) 100vw, 355px" /><p id="caption-attachment-305" class="wp-caption-text">Logo AVDA ventesimo anniversario di fondazione</p></div>
<p style="text-align: justify;">Negli ultimi anni di attività divulgativa, A.V.D.A. ha avuto il piacere di organizzare diverse conferenze pubbliche, con ospiti speciali e molto influenti nel mondo scientifico nazionale ed internazionale.<br />
Abbiamo avuto l&#8217;occasione di invitare in città, <strong>Giovanni (Nanni) Bignami</strong>, che è stato tra gli altri anche Presidente dell&#8217;ASI Agenzia Spaziale Italiana, come anche Presidente dell&#8217;INAF Istituto Nazionale di Astrofisica, <strong>Paolo Nespoli </strong>astronauta dell&#8217;ASI e dell&#8217;ESA Agenzia Spaziale Europea, che ha partecipato a due missioni Shuttle ed a due missioni di lunga durata sulla Stazione Spaziale Internazionale ISS, ospite in una bellissima serata svoltasi presso la Cavallerizza del Castello di Vigevano nel dicembre del 2012 [<a href="https://photos.app.goo.gl/9SQYUymRrUodZYGr2">foto</a>].<br />
Come non ricordare anche il contatto radio <strong>ARISS</strong>, Radioamatori ARI e ISS, effettuato grazie agli amici di ARISS Italia e l&#8217;Associazione ARI di  Erba e di Vigevano. Nella mattinata del 15 febbraio 2014, gli alunni delle classi quinte dell&#8217;ITIS di Vigevano hanno avuto la possibilità di parlare via radio, con contatto in telebridge, con l&#8217;astronauta in orbita sulla ISS <strong>Koichi Wakata</strong>, dell&#8217;Agenzia Spaziale JAXA, impegnato nell&#8217;Expedition 38-39 [<a href="https://photos.app.goo.gl/ECHzb7N9Epf6a2fh1">foto</a>].<br />
Abbiamo anche portato a Vigevano un &#8220;<strong>pezzo di Luna</strong>&#8220;. Si, un vero e proprio reperto lunare, raccolto e portato a Terra dall&#8217;astronauta <em>Harrison Smith</em> durante la missione <strong>Apollo 17</strong> nel 1972. La serata era condotta da Luigi Pizzimenti, presidente dell&#8217;associazione <a href="http://www.adaa.it/" target="_blank" rel="noopener noreferrer">ADAA</a> e da <a href="https://attivissimo.blogspot.com/" target="_blank" rel="noopener noreferrer">Paolo Attivissimo</a> [<a href="https://photos.app.goo.gl/R67Wj775Vj0zSv2K3">foto</a>]<br />
Anche nel cortile del Castello di Vigevano abbiamo organizzato tante manifestazioni. Ad esempio per l&#8217;<strong>Eclissi parziale di Sole</strong>, oppure per l&#8217;osservazione di <strong>Saturno</strong>, della <strong>Luna</strong> al primo quarto o in Piazza Ducale per l&#8217;<strong>eclissi di Luna</strong>!</p>
<p style="text-align: justify;">Non ultimo poi, per l&#8217;<strong>eclissi totale di Luna</strong> del 27 luglio del 2018, abbiamo organizzato l&#8217;osservazione dal parcheggio del nuovo Palazzetto dello Sport di via Cappuccini. Un grande successo di pubblico che non ci aspettavamo!<br />
Grazie ancora! [<a href="https://www.youtube.com/watch?v=BWaKZOshgC4" target="_blank" rel="noopener noreferrer">video eclissi</a>] [<a href="https://youtu.be/JbYgBS37_4E" target="_blank" rel="noopener noreferrer">video Timelapse</a>]</p>
<p style="text-align: justify;">Tante attività, che solo grazie ai Soci A.V.D.A. ed alla loro disponibilità, hanno fatto crescere costantemente l&#8217;Associazione!</p>
